 Suppose -r - 45 = -5*d, y*r + 2*r = -5*d + v. Calculate the greatest common factor of 16 and d.
8
Let z(x) = -21*x + 184. Let m be z(-23). Calculate the greatest common divisor of m and 23.
23
Let i(v) = -2*v**3 - 42*v**2 - 2*v - 2. Let a be i(-21). Calculate the highest common factor of 5 and a.
5
Let f be ((-66)/143)/((-1)/13). Calculate the highest common divisor of f and 786.
6
Suppose -39*f + 43*f - 4 = 0. Let j(y) = 14*y**2 - y - 1. Let v be j(f). What is the highest common divisor of 3 and v?
3
Let x be (6/21)/((-6)/(-462)) - 1. Calculate the greatest common factor of 84 and x.
21
Let z be 1 + -3 - (-2 + -17). Let q be (102/12)/((-1)/(-6)). What is the greatest common factor of q and z?
17
Let o(r) = -7*r + 24*r**3 - 12*r**3 - r - 13*r**3 + 6*r**2 + 5. Let y be o(4). What is the greatest common divisor of y and 45?
5
Suppose n = 4*n - 324. Suppose -7*r + 3*r = -288. What is the greatest common divisor of n and r?
36
Suppose -89*f = -79*f - 80. Calculate the highest common divisor of f and 236.
4
Let o be (-6)/4 + (-91)/(-26) - -902. Calculate the highest common factor of 8 and o.
8
Let x(s) = 8*s + 1. Let n be x(0). Suppose -3 - 4 = -f. Calculate the highest common divisor of n and f.
1
Suppose 5*g - 9*s = 473, 4*g = 2*s - 72 + 466. Let c(a) = -a**3 + 3*a**2 + 3*a - 4. Let n be c(3). Calculate the highest common divisor of n and g.
5
Suppose -4*l - 3*s = -3819, 4773 = 3*l + 2*l + 4*s. What is the highest common factor of 174 and l?
87
Suppose -5*z + 44 + 1 = -t, 4*t + 3*z + 157 = 0. Let d be 6/((t/12)/2 + 2). What is the greatest common factor of 12 and d?
6
Let x = -7 - -207. Suppose -3*r = -8*r + x. What is the highest common divisor of r and 5?
5
Let q(g) = -3*g**2 + 35*g - 10. Let u = -9 - -20. Let c be q(u). Calculate the highest common factor of c and 84.
12
Suppose 3*n + 0*n = -3. Let g = 31 - 21. Let q be 125/g - n/2. What is the greatest common factor of 65 and q?
13
Suppose 18 + 4 = b + 4*o, 3*b - 34 = -4*o. Suppose 3*y - 241 = -2*d, -b*y + 622 = 5*d - 5*y. What is the greatest common factor of 50 and d?
25
Let t(p) = -p**3 - 8*p**2 + 8. Let k be t(-8). Let q be -1*(-4 - (6 + 0)). Suppose -7*v = -q*v + 24. Calculate the highest common factor of v and k.
8
Let z(j) = 7*j**2 - 3*j + 2. Let i be z(1). What is the greatest common factor of i and 66?
6
Let h be (-8)/20 + (-38)/10*-3. Calculate the highest common factor of h and 957.
11
Let t be 1*(-3 - (-4 - 16)). Let r be t/(-4)*4*7/(-7). Calculate the greatest common divisor of r and 68.
17
Let m be (1 + 40)*(45 + -44). Calculate the highest common factor of m and 451.
41
Let j(t) = 11*t + 79. Let q be j(-3). What is the greatest common divisor of 69 and q?
23
Let q be (-4)/6*30/(-4). Let b be 2/16*-2 - 8005/(-20). Suppose -9*l + b = l. Calculate the highest common factor of l and q.
5
Let w be 2 - (4 - (-30)/(-5)). Let j(t) = 14*t. Let o be j(w). Calculate the highest common factor of 140 and o.
28
Suppose -12*i - 4*n - 2080 = -13*i, -i + 2120 = 4*n. Calculate the greatest common factor of i and 24.
12
Let y = 432 + -264. Calculate the greatest common factor of y and 16.
8
Suppose -5*g + 5*o - 140 = -935, -4*g - 5*o = -609. Suppose 5*u = 10, 3*t - 3 = u + 13. Calculate the highest common factor of g and t.
6
Let c be (-2)/10 - 72/15*-39. What is the greatest common divisor of c and 17?
17
Suppose 132*c = 113*c + 950. Calculate the greatest common divisor of c and 1450.
50
Let d be ((-200)/9)/(16/(-72)). Calculate the greatest common factor of d and 3100.
100
Let h(d) = 2*d**2 + 4*d - 2. Let f be h(3). Let a = 194 + -166. Let p be 4/(a/51) + (-22)/77. What is the greatest common divisor of f and p?
7
Suppose 5*h - 1340 = n - 3*n, 0 = 3*n + 15. What is the greatest common divisor of h and 36?
18
Let a = 169 - 9. Suppose 89*h - 93*h + 8 = 0. Let b be -2 - (-12*7)/h. Calculate the highest common factor of a and b.
40
Let r(t) = -t**2 - 7*t - 7. Let w be r(-6). Let c be (w - 0)/((-8)/24). Suppose c*x - 2*n = x + 148, 5*n = -10. What is the highest common factor of x and 8?
8
Let j(x) = 12*x - 2. Let i = 9 - 6. Let h be j(i). Suppose w - 35 = 4*r + 50, -2*r = -2*w + 170. Calculate the highest common divisor of w and h.
17
Let l be 129*(-24)/18*-1. Calculate the highest common divisor of l and 774.
86
Let w(s) = s**3 + 3*s**2 + 2*s + 2. Let d be w(-2). Let c be d + 1 + -4 + 4. Suppose -c*j + j = -2. What is the greatest common divisor of j and 9?
1
Suppose 2*p + 30 = 34. Suppose 4*n = -4*x + 204, -6*x + 2*n + 234 = -p*x. What is the greatest common divisor of 8 and x?
8
Let i(z) = 18*z**2 + 5*z - 2. Let n be i(2). What is the highest common divisor of 50 and n?
10
Suppose 2*u - 196 = -3*f, -4*f + 223 = -0*f - 5*u. What is the highest common divisor of f and 279?
31
Suppose 139*n - 142*n + 81 = 0. What is the highest common divisor of 81 and n?
27
Let a = 13 - 1. Let k = -15867 - -15870. Calculate the highest common factor of a and k.
3
Let m be -8*7/(21/(-30)). Suppose 808 = 4*t + 2*q, -5*t + 188 = -4*t - 3*q. Calculate the greatest common divisor of m and t.
40
Let u be 21*(-3 - 78/(-18)). What is the highest common factor of u and 14?
14
Let p(i) = i**3 + 3*i**2 - 6*i - 15. Let s be p(-3). Let x(c) = c - 2. Let r be x(5). Calculate the greatest common divisor of s and r.
3
Let h = 678 - 628. Calculate the greatest common divisor of h and 410.
10
Let h(n) = 2*n + 3. Let y be h(12). Let m(o) = -o**3 + 6*o**2 - 9*o + 12. Let x be m(5). Let p = x + y. What is the highest common divisor of p and 133?
19
Let g = -105 - -165. What is the highest common factor of 420 and g?
60
Suppose 3*f + 7*f = 4840. What is the highest common divisor of f and 44?
44
Suppose 0 = -10*p + 3081 + 11169. What is the highest common factor of p and 114?
57
Let n(c) = c**3 - 18*c**2 + 3*c - 45. Let p be n(18). What is the highest common factor of 3 and p?
3
Suppose 5*j + 5*h - 610 = 0, h + 727 = 4*j + 249. Suppose -2*i + 318 = -132. Let l = i - j. Calculate the highest common factor of 15 and l.
15
Let v = 11 + 350. Calculate the greatest common factor of v and 19.
19
Let x(k) = k**2 + 2*k + 7. Let z be x(0). Let h(g) = g**2 - 3*g - 11. Let c = 25 + -33. Let l be h(c). What is the highest common factor of l and z?
7
Suppose 5*s + 6*s = 66. Let v(x) = x**3 + 8*x**2 + 8*x + 2. Let o be v(-7). Let d = s + o. What is the greatest common divisor of 1 and d?
1
Let s = -7 - -11. Suppose 1842 + 314 = 36*n + 41*n. What is the highest common divisor of n and s?
4
Let d = 472 - 196. Calculate the greatest common factor of d and 92.
92
Let l be (-235)/(-25) - 3/(-5). Let i = l + -9. Calculate the highest common divisor of i and 8.
1
Let t = -84 + 129. Calculate the highest common divisor of t and 279.
9
Suppose -4*p + 6 - 26 = -h, 2*h = 8. Let o be (-398)/p + 6/(-12). Calculate the greatest common factor of o and 9.
9
Let u(j) = -j**2 + 41*j + 498. Let c be u(50). What is the greatest common divisor of 88 and c?
8
Suppose -4*i - 3*w + 85 = 0, 10*w + 114 = 5*i + 6*w. Calculate the highest common divisor of i and 198.
22
Let c = 58 - -10. Let y = -34 + c. Calculate the greatest common divisor of y and 238.
34
Let b be ((-8)/(-12))/(0 + 5/15). Let o(n) = n + 8. Let k be o(-6). Calculate the highest common divisor of k and b.
2
Let y = -119 - -151. What is the highest common divisor of 64 and y?
32
Let h = -17 + 50. Calculate the greatest common divisor of 44 and h.
11
Let j = -1729 - -1793. Calculate the highest common factor of 14 and j.
2
Let c = -155 + 111. Let w be 2094/22 - (32/c)/(-4). Calculate the highest common factor of w and 19.
19
Suppose 8*x = 186 + 70. What is the greatest common factor of x and 4?
4
Let f = -629 - -930. What is the highest common factor of 129 and f?
43
Let f(p) = -p**2 - 8*p - 2. Let r be f(-4). Suppose 5*i - 44 - 126 = -5*l, -4*l = -i + r. Calculate the highest common divisor of i and 30.
30
Suppose -4*p + 121 - 9 = -5*h, -3*p - 4*h + 84 = 0. Suppose 0 = 5*m - 5*v - 1555, 3*m + v - 939 = 6*v. What is the greatest common factor of m and p?
28
Suppose -3*a - 36 = -l, -2*l = -4*a + 2*a - 52. Let i be (0/(-5 + 2))/2. Let n be (-1 + i)*(-14)/2. Calculate the greatest common factor of l and n.
7
Let i(p) = 1969*p**2 - 43*p - 42. Let f be i(-1). Calculate the highest common factor of f and 20.
1